common factor of q and v.
21
Suppose 1 + 50 = 3*t. Let w = t - 13. Suppose 0 = -w*o + 3*o + 108. What is the highest common divisor of 12 and o?
12
Suppose -3*b + t = -118, -2*b + t = -t - 80. Suppose 5*z - 4*r - b + 8 = 0, -4*r - 7 = 3*z. Calculate the highest common divisor of z and 3.
3
Let o be 1/4 + 439/4. Let k = 13 - 13. Let j = 10 - k. What is the highest common divisor of o and j?
10
Let w = -49 - -80. Let d = w - 12. Suppose 0 = 2*c - 3*c + d. What is the greatest common divisor of 76 and c?
19
Let f(n) = n**3 + 11*n**2 - 21*n - 23. Let x be f(-12). Calculate the greatest common divisor of x and 272.
17
Suppose 134 = 7*n - 118. Let z be (n/(-16))/(6/(-128)). What is the greatest common divisor of 36 and z?
12
Suppose -3*t + 8*t - 25 = 0. Suppose 6*y - 45 = y + t*q, -5*y + q + 45 = 0. Let u = 14 - y. Calculate the highest common factor of 20 and u.
5
Let f(y) = -y**3 - 5*y**2 - y - 5. Let q be f(-6). Suppose -4*a - 24 = -4, -5*a = n - q. Let c = 3382 + -3351. What is the highest common factor of n and c?
31
Suppose 5*g = -171 + 521. Let z = g + 47. Calculate the highest common divisor of z and 13.
13
Let f be (6/(-4))/((-3)/6). Suppose f*k - 1270 + 310 = 0. Calculate the highest common divisor of k and 40.
40
Suppose a = -0*a + 188. Let z be a/6 + (-2)/6. Calculate the highest common divisor of 124 and z.
31
Suppose 0 = -3*l + 3*b - 1845, 0 = -5*l - 2*b - 0*b - 3068. Let u = l - -879. Calculate the highest common divisor of 106 and u.
53
Suppose -187 - 106 = -4*c - m, -2*c - 4*m + 150 = 0. Suppose -5 = 5*g, 6 = 5*j + g - c. Let k = -1 + j. Calculate the highest common divisor of 5 and k.
5
Let p be 1/((-125)/63 + 2). Let o = 2 - -40. What is the greatest common factor of p and o?
21
Suppose 4*a + c = 649, 166 = a + 4*c - 0*c. Let z = 1500 + -1482. Calculate the highest common divisor of a and z.
18
Let t be (-1 + 0)*55/(-1). Let w = t - 19. Let o(d) = d + 7. Let l be o(5). What is the greatest common factor of l and w?
12
Let i(j) = -2 - 2*j**2 - 3*j**2 - 4*j + 7*j**2 + 5*j**2. Let y be i(2). Let s be 3/2*(-12)/(-9). Calculate the greatest common divisor of y and s.
2
Let b(v) = v + 12. Let f be b(-10). Let c be (f + -1)/(1/2). Suppose 3*r - 3*g = 21, 0 = 3*r + c*r - 2*g - 20. What is the greatest common divisor of r and 6?
2
Suppose -16*l = -21*l + 850. Let f be ((-68)/l)/(1/(-15)). Calculate the greatest common factor of f and 66.
6
Let q be 20*((-28)/(-8) + 0). Let z = -337 - -365. Calculate the highest common factor of q and z.
14
Suppose 20 = 4*u + 2*w, 31 = 2*u + 5*w + 37. Calculate the highest common factor of 1211 and u.
7
Suppose -3*w = -2*w - 4. Suppose t + 3*t = 5*j - 317, -t - 3 = 0. Let h = j - 33. Calculate the highest common factor of h and w.
4
Suppose 3*b + 3 = -2*n + 17, -2*n + 6 = -b. Suppose z + 174 = n*z. Let c = -32 + z. Calculate the greatest common factor of c and 13.
13
Let w = -23443 - -23445. Suppose -n = l + 11, 8*n - 3*n = -4*l - 50. Let j be (-4 - -1)/(n/28). Calculate the highest common divisor of j and w.
2
Suppose -103 - 71 = m. Let r be (-7)/(21/m) + (-1)/1. What is the highest common factor of 114 and r?
57
Suppose p - 5 + 4 = 0. Let d be -3*(-3 - (p + -3)). Suppose d*k = 17 + 64. Calculate the greatest common factor of 9 and k.
9
Suppose -42*p = -45*p + 6. Suppose 0 = -5*s + 4*c - 15, 2*s + 25 = 5*c + 2. What is the highest common divisor of p and s?
1
Suppose -15*p - p = 1616. Let u = -94 - p. What is the highest common divisor of 1 and u?
1
Let r = 42 + -29. Let l be (-210)/30*(-26)/7. Calculate the highest common divisor of r and l.
13
Suppose d = 2*i - 1, 2 = -i + 3*d - 0. Let o be 4 + (0 - i)*-12. What is the highest common divisor of 4 and o?
4
Suppose -201*l + 432 = -192*l. Calculate the highest common factor of l and 252.
12
Let j be (-2)/(-4) - ((-330)/4)/11. What is the greatest common divisor of j and 328?
8
Suppose -2*a - 1894 = -5*c, a = -11*c + 14*c - 1136. Calculate the highest common factor of c and 162.
54
Let n = 2049 + -2036. What is the greatest common factor of 3159 and n?
13
Let n be 10*(21/(-6))/(-7) + 0. Suppose 6*l = l - 2*h + 4, -l + h + n = 0. Let d = 25 - 15. What is the highest common factor of d and l?
2
Let x be 2/7 + 68/7. Suppose -n = 9 - 2. Let l = n - -17. What is the highest common divisor of l and x?
10
Let c = -14 - -60. Suppose -c + 19 = -o. Let j = 224 + -206. What is the greatest common divisor of j and o?
9
Suppose 788 = 36*g + 140. Calculate the greatest common divisor of g and 1521.
9
Let j = 20 + -12. Suppose 22 = g - j. What is the greatest common divisor of g and 15?
15
Let p(o) = 3*o**2 - 2*o + 4. Let t be p(3). Suppose -21 = 3*q - 246. What is the greatest common divisor of t and q?
25
Suppose 3*o - 137 = 70. Let i(r) = -r - 3. Let g be i(-5). Suppose -o = z - g*z - 3*k, 0 = -z + 3*k + 51. Calculate the highest common divisor of z and 20.
20
Let a = -71 + 84. Let s(q) = -q**2 + 18*q - 25. Let l be s(a). What is the greatest common factor of 16 and l?
8
Suppose 3*s = -t + 5*t - 10, 5*s + 5*t + 5 = 0. Let o be -3*s/((-2)/(-5)). Calculate the greatest common factor of 5 and o.
5
Let u(c) = -c**2 + 65*c - 30. Let i be u(27). Calculate the highest common divisor of 12 and i.
12
Let k = -162 + 198. What is the highest common factor of 252 and k?
36
Suppose 12 = 4*a, 3*y - 4*a - 2 = -5. Suppose -m = -5*m - x + 16, -y*m + 12 = -3*x. What is the highest common factor of m and 2?
2
Let k(j) = -j**3 + 8*j**2 - 8*j + 13. Let g be k(7). Calculate the greatest common divisor of 330 and g.
6
Suppose 4*j = q - 6, 0*j + 2*j = -q. Let h be (-23)/(-7) - (-14)/(-49). Let f = j + h. What is the highest common divisor of 5 and f?
1
Let t = 937 - 756. What is the greatest common divisor of t and 1?
1
Let j(b) = -4*b**2 + b**3 + 2*b**3 - 2*b**3 - 3*b**2 - 6*b - 11. Let x be j(8). Suppose 30 = x*v + 5. Calculate the highest common divisor of 2 and v.
1
Let w = -2 - -5. Let m be 7/w - (-4)/(-12). Suppose -4*t = -o - 19, -2*o - 2*o = m*t + 4. What is the greatest common factor of 8 and t?
4
Let s be 2 - 7/((-21)/90). Suppose -288*m - 1248 = -327*m. What is the greatest common factor of m and s?
32
Let x(h) = -h**2 - 18*h - 32. Let d be x(-12). Let y be -6*(-16)/60*10. What is the highest common divisor of d and y?
8
Suppose j = 2*j - 11. Let l = 66 + -34. Let p = 33 - l. Calculate the highest common divisor of p and j.
1
Let u(j) = -j - 15. Let c = -52 - -36. Let m be u(c). What is the greatest common divisor of m and 2?
1
Let k = 20 - 18. Suppose 2*s + k*s = -4. Let c be s*((-36)/3 - 3). Calculate the greatest common factor of 90 and c.
15
Suppose -3*r + 6 = -r. Let l(n) = n**3 + n**2 - n + 1. Let w be l(1). Let j be (6 - 1)*(r + w). What is the greatest common factor of 5 and j?
5
Suppose 130 = 5*i - 0*i. Suppose -2*g - 43 = 4*q - 3, -q + 67 = -5*g. Let o = i + g. What is the greatest common divisor of o and 96?
12
Let u be (1 - 4*20)*-2. Let f = u + -90. Calculate the highest common divisor of f and 17.
17
Let u(n) = 3*n + 16. Let y be u(-5). Let w = y + 4. Let p = 11 - 1. What is the highest common factor of p and w?
5
Let x = -37 + 41. Calculate the highest common factor of 24 and x.
4
Suppose 150 - 60 = 5*u. Calculate the greatest common factor of 18 and u.
18
Suppose m - 16 = 2*m. Let r = 30 + m. Let v(u) = 2*u - 12. Let x be v(r). What is the greatest common factor of x and 144?
16
Suppose 2*v + 4*g - 46 = 0, v + 3*g + 0*g - 28 = 0. Calculate the greatest common factor of 611 and v.
13
Suppose 0 = 3*c - 184 - 344. What is the highest common divisor of c and 16?
16
Let n(x) = x**2 + 253. Let b be n(22). Calculate the highest common factor of 67 and b.
67
Suppose -9*d + 99 = -585. Calculate the highest common factor of d and 36.
4
Suppose -40 = -5*d + 3*t, 8*d - 3*d = -5*t. Suppose d*o = -4*g - 5, 0 = -5*o - 5*g - 11 + 1. What is the highest common divisor of 24 and o?
3
Let o be (-2)/(-3)*(0 - -15). Let r = 22 - o. Calculate the greatest common factor of 132 and r.
12
Let y be 2412/144 + ((-18)/(-8))/(-3). Let n be (15/(-1))/((-6)/32). Calculate the highest common factor of y and n.
16
Let u = -66 - 49. Let w = 191 + u. Let p = w - 20. What is the greatest common divisor of 7 and p?
7
Suppose -43*o - 28*o + 58149 = 0. What is the greatest common factor of 39 and o?
